001
In base 2, what is 11 + 10110000011110101101101?
10110000011110101110000
In base 9, what is 13560732 - -20?
13560752
In base 6, what is 54 - 144545245?
-144545151
In base 7, what is -23056106 + -15?
-23056124
In base 6, what is -402432 + 12431?
-350001
In base 15, what is -5 - 9b58cbe?
-9b58cc4
In base 6, what is -40011334 + -3?
-40011341
In base 8, what is 672251 + -524?
671525
In base 7, what is -10130246 - 15?
-10130264
In base 4, what is -311112110301 + 33?
-311112110202
In base 2, what is 10 + -10010001100101000111?
-10010001100101000101
In base 10, what is 8 - -3065606?
3065614
In base 6, what is -1030555304 + 2?
-1030555302
In base 6, what is -5245 - -42501?
33212
In base 15, what is 63d3 - 688?
5c4a
In base 5, what is 103043441 - 21?
103043420
In base 5, what is -44101 - -1440003?
1340402
In base 7, what is -24 + -25122253?
-25122310
In base 13, what is -3 + 16847a6?
16847a3
In base 11, what is 1051543 + -5?
1051539
In base 6, what is 0 + -4244003044?
-4244003044
In base 8, what is -1302063 + 650?
-1301213
In base 6, what is -20213451 - 133?
-20214024
In base 10, what is -198620242 + 0?
-198620242
In base 11, what is 2123a9 + 372?
212770
In base 10, what is 18459 - -575?
19034
In base 2, what is 10000 - 11100011001100001?
-11100011001010001
In base 15, what is 1ba + 3e552?
3e71c
In base 11, what is -20 - -54921?
54901
In base 5, what is 441324421 - -1?
441324422
In base 13, what is 609 + -2ca?
30c
In base 6, what is -3343115153 + -4?
-3343115201
In base 15, what is -92e2 + -1812?
-ab04
In base 15, what is cc + 1dc49b?
1dc578
In base 5, what is -1 - -100213341011?
100213341010
In base 9, what is -4286 - -153622?
148325
In base 13, what is 327b1b - 4?
327b17
In base 13, what is -362 - -366b3?
36351
In base 9, what is 8246504 - -1?
8246505
In base 15, what is -177595c0 + 7?
-177595b8
In base 10, what is 613 + 2306?
2919
In base 8, what is -175 - 14447757?
-14450154
In base 13, what is -1a88 + -622?
-23aa
In base 11, what is -16520 - 9463?
-24983
In base 16, what is -4 + 79dc30?
79dc2c
In base 11, what is 1559590 - 2?
1559589
In base 9, what is 1224 + 128732?
131056
In base 7, what is -24316353 - -104?
-24316246
In base 2, what is 10010111 + -10000011111001111000?
-10000011110111100001
In base 7, what is -5213 + -346?
-5562
In base 13, what is -72b3 - 1c91?
-9274
In base 8, what is -271 - -11556?
11265
In base 16, what is 11e71 + -56?
11e1b
In base 6, what is -11010152 + -114?
-11010310
In base 11, what is 300 - -2a175?
2a475
In base 14, what is -13 - dd295?
-dd2a8
In base 13, what is 193168 + 93?
19322b
In base 5, what is -3120034 + 34?
-3120000
In base 10, what is -6912 - -345?
-6567
In base 2, what is 10 - -1110100100011011011101?
1110100100011011011111
In base 9, what is 32142 - 2183?
28848
In base 7, what is -2 + 2100535434?
2100535432
In base 3, what is -10220021 - 12011100?
-100001121
In base 15, what is -a3486 + 40?
-a3446
In base 13, what is -3058327 - -a?
-305831a
In base 13, what is -1 - -31bcb4?
31bcb3
In base 11, what is -1374 + -102131?
-1034a5
In base 5, what is -11022242 + 210324?
-10311413
In base 14, what is 13a0b47 + -5?
13a0b42
In base 4, what is 20333230132 - -1?
20333230133
In base 16, what is -22 - 22d48d?
-22d4af
In base 10, what is -12 - 159609?
-159621
In base 5, what is -413423 + 2333?
-411040
In base 8, what is 1260 + -16556?
-15276
In base 16, what is 9bbf8 + 8?
9bc00
In base 11, what is 28448500 + 5?
28448505
In base 11, what is -49589 + 6a4?
-48995
In base 8, what is -1476 - -472153?
470455
In base 8, what is 2155 - 20506?
-16331
In base 5, what is -3 + 212301122?
212301114
In base 4, what is -1200110 - -13312?
-1120132
In base 2, what is 1000 + -11010001001001101?
-11010001001000101
In base 16, what is 2e + -16eb98?
-16eb6a
In base 10, what is -2 + 838843?
838841
In base 14, what is d - -70087?
70096
In base 5, what is -1432 + 442001431?
441444444
In base 16, what is -21d8bdb - 0?
-21d8bdb
In base 7, what is 1643114 + -35?
1643046
In base 15, what is 4b3d8 + 33?
4b41b
In base 12, what is -6498aaa62 + 5?
-6498aaa59
In base 9, what is 4 + -13118783?
-13118778
In base 15, what is -1 + 3c7223?
3c7222
In base 4, what is -31333033 - 333003?
-32332102
In base 6, what is -5 + 55225115?
55225110
In base 3, what is -1211201121221200112 + -11?
-1211201121221200200
In base 15, what is -2ed19 - 112?
-2ee2b
In base 16, what is -20bdf5 + -64?
-20be59
In base 8, what is -612 + 4244672?
4244060
In base 4, what is -2033022 - 1113113?
-3212201
In base 3, what is -100111001 + -1221001?
-102102002
In base 16, what is -1 + -29a943?
-29a944
In base 7, what is -261326051 + 3?
-261326045
In base 7, what is 3025163 + 22?
3025215
In base 6, what is 11 + -13114340?
-13114325
In base 2, what is -1011101111000011111100100 - 1?
-1011101111000011111100101
In base 5, what is -13033 - 20133?
-33221
In base 7, what is 23 - 14121032?
-14121006
In base 14, what is 17ac - -8315?
9ac3
In base 13, what is -233 + a142b?
a11c8
In base 3, what is 1 - 212000200201001?
-212000200201000
In base 9, what is -56586 + 1334?
-55252
In base 2, what is 100 - -11001111011010010100010?
11001111011010010100110
In base 5, what is -23141343414 + 4?
-23141343410
In base 10, what is 1149 + -9062?
-7913
In base 7, what is -2124033342 + -2?
-2124033344
In base 10, what is 33 - 12477437?
-12477404
In base 8, what is -52 - -12220226?
12220154
In base 12, what is 0 + -281883?
-281883
In base 12, what is -19750 - 195?
-19925
In base 13, what is 3a80 - -c6ab?
1345b
In base 5, what is 30124241 - -44?
30124340
In base 10, what is -189756669 - 2?
-189756671
In base 16, what is 4b871 + -20?
4b851
In base 15, what is 2b2 - 95c27?
-95965
In base 12, what is 9849001 - 2?
9848bbb
In base 5, what is -10 + -3403002133?
-3403002143
In base 2, what is -111 + -1010000111000011011011000?
-1010000111000011011011111
In base 3, what is 10020 + 110100221122201?
110100221202221
In base 5, what is 14 - 1142012343?
-1142012324
In base 5, what is -1113 - 1230402?
-1232020
In base 6, what is -2442 + -41533025?
-41535511
In base 12, what is 14273384 + -5?
1427337b
In base 14, what is 159977 + -76?
159901
In base 3, what is -211001102002120 + -10?
-211001102002200
In base 3, what is -1112000022 + -1101011?
-1120101110
In base 15, what is 4 + 4e058b?
4e0590
In base 2, what is -100010100011111010001000 - -10100?
-100010100011111001110100
In base 13, what is 3 - -b26491a?
b264920
In base 4, what is 1221010302232 - -1?
1221010302233
In base 4, what is -133231 + -11120223?
-11320120
In base 5, what is -1112010 - 344?
-1112404
In base 15, what is 79 + -70dd96?
-70dd1c
In base 5, what is -3 + -243103044?
-243103102
In base 9, what is -12845 + -2100?
-15045
In base 16, what is 7 - -265de83?
265de8a
In base 3, what is -2000010001011221 - -2?
-2000010001011212
In base 16, what is -ffd126d + 2?
-ffd126b
In base 6, what is -1452331525 - -3?
-1452331522
In base 3, what is -120212111021 - 122?
-120212111220
In base 7, what is -2 + -54035245?
-54035250
In base 2, what is -100100001 + 1001001101010001000?
1001001100101100111
In base 2, what is -100111000111001 - 1100110?
-100111010011111
In base 5, what is 1134 + -141341443?
-141340304
In base 10, what is 361 + -82660?
-82299
In base 10, what is -2 + -849119?
-849121
In base 16, what is 4 + -3a2678?
-3a2674
In base 2, what is 1111110 - 1000001101010101111010?
-1000001101010011111100
In base 7, what is -2245043 - 6?
-2245052
In base 9, what is 18350 + 4854?
24314
In base 15, what is -e1746 + 2?
-e1744
In base 7, what is 131 - -446652?
450113
In base 10, what is 2 + -211798185?
-211798183
In base 8, what is -6 - -171310270?
171310262
In base 4, what is 11323 + 32131310?
32203233
In base 4, what is 232103 - 113232?
112211
In base 2, what is -10110110110001 + -1100110101010001?
-1111101100000010
In base 6, what is 21502214 - 10?
21502204
In base 16, what is c0478 + 0?
c0478
In base 4, what is 201 + 1131220210?
1131221011
In base 12, what is 10884 + -717?
10169
In base 14, what is cc312 - 12?
cc300
In base 14, what is 4446849 - 3?
4446846
In base 9, what is -23 + -5485764?
-5485787
In base 16, what is -2cd555c4 + -4?
-2cd555c8
In base 5, what is -402 - 4401120?
-4402022
In base 8, what is -7023 - -53442?
44417
In base 9, what is -73475 + 3?
-73472
In base 7, w